 and f?
64
Let z(d) = 4*d**2 + 79*d + 425. Let t be z(-8). Calculate the highest common divisor of t and 826.
7
Suppose -s = 5*a - 3370, 0 = 2*s - 4*a - 9000 + 2190. What is the greatest common divisor of s and 10?
5
Suppose -2*g - 3*v = -95, -85 = -16*g + 14*g - v. What is the highest common divisor of 16920 and g?
40
Suppose -7*v + 2*v + 580 = -5*t, v - 4*t = 119. Let d = v - 70. What is the greatest common factor of 120 and d?
15
Let l(h) = h**2 + h - 45. Let v be l(-12). Suppose -4*y + 0*y - 4*m = 164, -3*m = -5*y - 237. Let z = y + v. What is the highest common factor of 21 and z?
21
Let l(o) = -4 + 4*o + 4 + 2. Let j be l(4). Let g = j - -12. What is the greatest common factor of 45 and g?
15
Let c = 19 - 13. Suppose -c*i + 23 = -61. Let m(u) = 154*u**2 - u - 1. Let p be m(-1). Calculate the greatest common factor of p and i.
14
Let d = -67 + 912. Calculate the greatest common factor of d and 5.
5
Let t = -11705 + 15179. Calculate the greatest common divisor of t and 36.
18
Let m(u) = u + 12. Let a be m(7). Suppose -a*v + 245 = -287. Let d be 5/10 - (-110)/4. Calculate the highest common divisor of d and v.
28
Let w be (-99)/(-12)*((-44)/12 - -5). What is the highest common divisor of 23683 and w?
11
Suppose -196*w - 516 = -2084. Let g be -2 - -156 - (-1 + 3). What is the greatest common divisor of w and g?
8
Suppose 0 = 2*d - h - 322, 2*d + 3*h = d + 168. Suppose 188*a = -265*a + 16308. Calculate the greatest common factor of a and d.
18
Let t(s) be the second derivative of s**4/12 - 13*s**3/6 + 23*s**2/2 + 57*s - 2. Let u be t(11). What is the greatest common factor of u and 27?
1
Let a be ((-4)/(9 + -11))/(4/6). Let k(h) = 20*h - 23. Let p be k(4). Calculate the greatest common divisor of a and p.
3
Let t(g) = 125*g**3 + 2*g**2 + 3*g - 4. Let x be t(1). Suppose 111 - 475 = -13*r. Calculate the greatest common divisor of r and x.
14
Suppose -4*o + 92 = 24. Suppose o - 37 = -j. What is the highest common factor of j and 50?
10
Let a be 2/14*4 - (7 - 132/14). What is the highest common divisor of 99 and a?
3
Let p = 35717 - 35546. What is the greatest common factor of p and 9?
9
Suppose -22*x + 21*x + 2*m = -2250, 4*m + 20 = 0. Let b be (-14)/(-77) - (x/(-11))/2. What is the greatest common factor of 12 and b?
6
Let i(j) = 2*j**2 - 4*j - 4. Let y be i(-1). Suppose -r - y*p + 14 = -5*p, 0 = -r - 4*p - 14. Calculate the highest common divisor of 6 and r.
2
Suppose 2*a + 4 = -o, -2 = -4*o - 3*a + 2. Let d be 45 - ((o - 0) + -2). Suppose 4*p - 37 - d = 0. Calculate the highest common factor of 16 and p.
4
Let m be 25/(2975/1652) + (-7)/(595/(-10)). What is the greatest common factor of 3997 and m?
7
Let z be (-31 - -11)/(-1 - 3). What is the highest common factor of z and 245?
5
Suppose 74 + 256 = -5*j. Let b = j - -88. Let q = 4 - 2. Calculate the highest common factor of b and q.
2
Suppose 8*b = -5*g + 5*b + 4041, 0 = 5*g - 3*b - 4059. What is the greatest common factor of 10 and g?
10
Let q be 15/(-6) - 6853/(-14). Let v = -447 + q. Calculate the highest common divisor of 30 and v.
10
Let b be 90 - (-2 + -2 + 2). Let r(x) = -30*x + 9. Let m(h) = 4*h + 94. Let k be m(-24). Let g be r(k). Calculate the highest common divisor of g and b.
23
Suppose 55268 = 11*w + 30*w. Calculate the highest common divisor of w and 4.
4
Suppose 0 = -u + 2883 - 2872. Let k = 1046 - 375. Calculate the highest common factor of u and k.
11
Suppose -135*a = -247*a + 321552. What is the highest common divisor of 198 and a?
99
Let h be (2 + 0/2)/(10/40). Let q = 27 + -28. Let v = 3 + q. What is the highest common factor of v and h?
2
Suppose 4*h - 6*h = -0*h. Suppose -2*n = -h*n - v - 21, 0 = -4*v - 4. Let o be 4/6 + (-656)/(-6). What is the highest common factor of o and n?
10
Let m be 9*3/(-2 - -5). Let u = -18014 - -18044. Calculate the highest common factor of m and u.
3
Suppose -5*i = -3*h - 4003, 3*i + i = 4*h + 3196. What is the greatest common divisor of i and 11?
11
Let f(x) be the first derivative of x**4/4 - 25*x**3/3 + 23*x**2/2 + 116*x - 19. Let s be f(24). Calculate the greatest common divisor of 23 and s.
23
Let y = -97 + 168. Suppose 3 = -233*w + 230*w, -2*t = -w - 1279. What is the greatest common divisor of t and y?
71
Let m(w) = -45 - 15*w + 6 + 62*w + 5. Let s be m(8). Suppose -14*c = -s - 274. What is the greatest common divisor of c and 22?
22
Let k = 6741 - 6649. Calculate the greatest common divisor of k and 1978.
46
Let s = 8388 - 7798. Calculate the greatest common factor of s and 30.
10
Let s(u) = u**2 - 21*u + 39. Let a be s(19). Let c be (-3 - a - -4) + 144. Calculate the greatest common divisor of c and 32.
16
Suppose 2*a = -c + 496, -60*c + 491 = -59*c - 3*a. What is the greatest common divisor of c and 152?
38
Let j(c) = -c - 1. Let u(z) = 2*z - 43. Let w(q) = 5*j(q) - u(q). Let a be w(5). Let s be 25*1 - (-5)/(-5). What is the greatest common divisor of s and a?
3
Let a be 64/(-6)*1863/92. Let p be (-9 - 0)*a/486. What is the greatest common divisor of 26 and p?
2
Suppose 56*h + 346 = 3*i + 54*h, 0 = 4*h - 16. Calculate the highest common factor of 118 and i.
118
Suppose -2*s - 31 = 2*x + 171, x + 517 = -5*s. Let m = -99 - s. What is the highest common divisor of 5 and m?
5
Let v(l) = l**3 + 3*l**2 + 2*l - 6. Suppose 12 = -7*z + 26. Let c be v(z). What is the highest common factor of c and 99?
9
Let t(f) = 237*f**2 + 23*f + 65. Let l be t(-3). Suppose 38*j + 305 = l. Calculate the highest common divisor of 256 and j.
16
Suppose -v + 5 = 4*v. Suppose 11*h - 20*h = -90. Suppose g - h = o, -2*o - 29 = -5*g - 4*o. What is the greatest common divisor of g and v?
1
Let v(h) = -11*h + 4. Let r be v(4). Let n be r/(-360) - (-3148)/18. What is the greatest common factor of n and 75?
25
Let b = -21182 + 21614. What is the greatest common factor of 784 and b?
16
Let h be ((-4)/((-160)/(-12)))/(49/(-490)). Calculate the highest common divisor of 81 and h.
3
Suppose -12446*a + 14526 = -12419*a. Calculate the highest common divisor of a and 6.
2
Suppose -19*p + 16*p = 9. Let y be (((-6)/(-2))/p)/(-1). Suppose 3*k - 28 = -y. Calculate the highest common factor of k and 63.
9
Let o(m) = 11*m**3 - 5*m**2 - 11*m + 41. Let s be o(5). What is the highest common divisor of 12 and s?
12
Let h be (-10 - (-288)/27) + 1136/6. Suppose 198 = 193*i - h*i. Calculate the greatest common divisor of i and 9.
3
Let i be (4/(-6))/(2/(-12)). Let b be (2700/(-324))/((-10)/72). What is the highest common factor of i and b?
4
Let b = -14211 - -14229. Suppose x - 638 + 33 = 0. Let m = -425 + x. Calculate the greatest common divisor of b and m.
18
Let t be 36/(1 - (-25)/(-35)). Let u be 2 + (-7 - 1)*861/(-84). Calculate the highest common divisor of u and t.
42
Let x(g) be the second derivative of g**5/20 - g**4/3 - g**3/2 + 17*g**2/2 - g + 32. Let j be x(4). What is the greatest common divisor of 5 and j?
5
Let w be (-16)/10*(-580)/8. Suppose 103*h = 105*h - w. Suppose 4*v + 52 = 2*l, v = 3*l - v - h. What is the greatest common factor of l and 176?
16
Let v = 7883 - 7807. Calculate the greatest common factor of v and 2812.
76
Let i(j) = -28*j - 3 + 4 + 3 - 5. Let z be i(-1). Let l = -9480 + 9489. Calculate the greatest common factor of z and l.
9
Suppose -4*b + 34 = 13*b. What is the greatest common divisor of b and 718?
2
Let l(g) = -7*g**2 + 8*g**2 + 8*g - 16*g - 6*g - 15*g + 104. Let m be l(25). What is the highest common divisor of m and 28?
4
Let z be 16 + 2*1/(-2)*-3. Suppose 0 = -5*m + 21 + z. Suppose 0*f - m*f = -8. Calculate the greatest common factor of f and 6.
1
Let o = 5853 + -4010. What is the highest common divisor of o and 97?
97
Let w be ((-44)/3)/(28/(-378)). Let h(p) = 12*p + 126. Let b be h(-9). Calculate the greatest common divisor of b and w.
18
Suppose 259*g - 9672 = 4832. Suppose -15 - 13 = -2*n. Calculate the highest common divisor of g and n.
14
Suppose -3771 + 1899 = -65*g + 2808. Suppose 0 = a - 3*a + 12. Suppose -u = -3*u + a, r - 18 = -3*u. Calculate the greatest common factor of g and r.
9
Let w(k) = 4*k - 13. Let b be w(7). Suppose 188*z - 24 = 185*z. Let p = 112 + z. Calculate the highest common factor of p and b.
15
Let h(x) = 55*x**2 + 5*x. Let c(l) = 54*l**2 + 6*l. Let m(q) = -3*c(q) + 4*h(q). Let p be m(1). Calculate the greatest